at is (-2 - 0 - (-2 - -4)) + (20 - (69 - 30))?
-23
What is the value of 8 + -51 - (-31 - -22)?
-34
What is (1 + 11 - 11 - 8) + 46?
39
What is the value of -5 + (-2 - -101) - (-14 - (-11 - 4) - -13)?
80
Calculate (3 - 1 - 9) + -29 + (-131 - -160).
-7
What is the value of (-9 - -2) + (-5 + 7 + 0 - -16)?
11
Calculate 82 + -89 + (25 - 2) + 5 + -10 + -1.
10
-5 - (-111 + 29 - -4) - 15
58
Calculate 11 + 15 - (2 + 18) - 63.
-57
What is the value of (7 - -18) + (-24 + 24 - -63 - -27)?
115
Calculate -5 + (-41 - (-28 - 67)).
49
Evaluate -210 + 129 + 76 - (43 + -1).
-47
Calculate -1 - -15 - ((45 + -96 - -128) + 1 + -16).
-48
Calculate -18 + (32 - 44) + (4 - -10).
-16
What is the value of (-64 - -7) + 73 - (166 - 3)?
-147
What is the value of -5 - (53 - 24) - (-1 - (2 + (4 - -3)))?
-24
(1 + 13 - (57 + -46) - 5) + -3 + 49
44
What is the value of (-11 + 15 + 7 - 1) + (-5 - -11)?
16
Calculate 11 - ((-24 - -1 - (24 - 37)) + 39).
-18
What is (216 - 189) + -48 + 4 - (61 - -2)?
-80
Evaluate -17 + 4 + (15 - (12 + -3 + 13)).
-20
-23 + 11 + 10 + -77 + (-4 - 13)
-96
Evaluate -25 - (11 + 1 + 0 + 75 + -88).
-24
What is -6 + 15 + (-38 - -7) - -70?
48
Evaluate (6 - (54 - 6)) + 14 - (0 + -4 + 13).
-37
Calculate 1 - 122 - (7345 - 7340).
-126
What is 21 + (42 - (27 - 6))?
42
Evaluate 126 - (50 + 11 - -28).
37
Calculate (-40 - 29 - -74 - (0 + -3)) + 1 + 34.
43
Calculate 7 + -31 - ((0 - -5 - 6) + (-3 - 1)).
-19
What is the value of -12 - (20 + -40) - (-80 - 0)?
88
Evaluate -85 + -1 + (-36 - -33) - (-39 - -38).
-88
What is the value of 40 + -1 + -2 + (2 - (-143 - -133))?
49
Evaluate (-18 - (-57 + -12) - 48) + (112 - -2 - 2).
115
What is 14 - (124 + -136 - (2 - 52))?
-24
-10 + 65 - 33 - (0 + -11)
33
65 - (60 - (-79 - -61))
-13
Evaluate 11 + (533 - 483 - (5 + -1) - 14).
43
What is (4752 - 4707) + (-82 - -1)?
-36
Calculate 1 + -3 + 27 + -37 + (19 - -40).
47
26 + 44 + (-10 - 0) + -11
49
-10 - 0 - (0 + -17 + 12 + 1) - -22
16
What is -1 + -21 + (-2 + -34 - -8)?
-50
(-22 - (-178 + 173 + -51 + -3)) + 18
55
84 + -53 + (76 - 109)
-2
What is the value of (73 - 230) + 158 + -2 + (-1 - -18)?
16
What is -13 + -18 + (-10 - -48) - -33?
40
What is 1 + -2 - (-1401 - -1419)?
-19
Calculate -15 - (-4 - (-3 + -3) - -8 - (4 - 44)).
-65
What is -56 + -102 + 73 + 19?
-66
Calculate -37 + -5 + 24 + -5 + 72.
49
Calculate (-8 - 24) + (9 - (-2 - -7) - (2 - 2)).
-28
What is (283 - 119) + -145 - (-43 + -1)?
63
Calculate (-15 - -2) + (24 - 5) - -41.
47
What is the value of -87 + 63 + (42 - -53)?
71
-2 + -5 + 4 + -14 - (-186 + 193)
-24
Calculate -57 + -3 - -12 - -9 - (-3 - (-2 + -2)).
-40
What is (2 - (10 + -3 + 2)) + (-2655 - -2600) - -4?
-58
What is 11 - (2 + (-10 - -25 - 17)) - -10?
21
(15 - 60) + 20 + 45
20
Calculate 58 + (60 + -55 - 19).
44
What is the value of 15 - ((2 + -2 - -9) + 414 + -411)?
3
(7 - (12 + -12) - -78) + 4 - (6 - 4)
87
Evaluate -103 - ((-9 - 84) + 54).
-64
Calculate 5 + 31 + (3 - (-3 - -23)).
19
Evaluate 2 - -7 - 6 - ((-8 - -7) + -11).
15
What is the value of (-74 - 5) + (-34 - -32) - (1 + 2) - -10?
-74
Calculate 61 - (80 + -32) - (-25 + (2 - 5)).
41
Evaluate -132 - (10 + -19 + -78).
-45
What is the value of -10 + 15 - (9 + -7 + 7) - 46?
-50
Evaluate (-10 - -3 - -12) + (260 - 307).
-42
Calculate 1785 + -1766 - (34 - -1) - (19 - 3).
-32
Evaluate 19 + -19 + -86 + -26 - (-8 + 13).
-117
What is the value of 54 + -56 + (104 + 31 - 29)?
104
Evaluate -9 - (-73 - (-48 - -6) - -62).
-40
What is -68 + 39 + 24 - (4 - -5)?
-14
-11 + 12 + (25 - 20) + 55
61
What is (-2 + (-3 - 10) - (-28 - (76 - 85))) + 31?
35
Evaluate (455 - 474) + 2 + 0 + -2 + 7.
-12
Calculate 18 + 1 - (-17 + -172 + 112).
96
Calculate (7 - 30 - -16) + -7.
-14
Evaluate -1 + (33 + 2 - (-27 - -24) - 8).
29
(-1 + 7 - 13) + 24 + -23 + -1 + 33
26
Calculate -4 - (-2 + 4) - (-2 + (-5 - (-1 + -52))).
-52
What is the value of (4 - (-62 + 19)) + (-11 - -3)?
39
Calculate 73 + (-87 - 86) + (2 + -4 - 0) + -3.
-105
What is the value of -130 + 80 - (6 - 76)?
20
What is the value of 8 - (90 + (4 - 48))?
-38
What is the value of -7 - -54 - 97 - -15?
-35
What is the value of -65 - 4 - (40 - (60 + -36))?
-85
Calculate -3 + 50 + 15 + (-9 - (-14 - -1)).
66
(-37 - -17) + 37 + -10 + -80
-73
What is the value of (-273 - -139) + 91 + 119?
76
What is the value of -13 + (-17 - -35) - 42 - -2 - -1?
-34
Calculate (4 - -15) + -84 - 19.
-84
What is the value of (-3 - (0 - 18)) + (167 - 71)?
111
2 + 9 + 77 + (-43 - 47) + -119
-121
What is -60 + (87 - (39 + -78))?
66
0 - 33 - (135 - (-118 + 214))
-72
What is the value of (3 - (4 - 2) - (-860 + 874)) + 100?
87
52 + 0 + 4 - (-21 + (14 - -6) + -6)
63
Calculate (46 - 112) + 81 - -17.
32
Calculate -27 - (39 + -15 + -32).
-19
What is the value of 28 + (30 + -5 - (-135 + 109))?
79
What is the value of (144 - (-136 - -319)) + -71?
-110
-29 + -9 + (3 + 11 - -6 - (3 - -4))
-25
What is (-375 - -361) + (-7 - -16) + -38?
-43
Evaluate -7 - -6 - (9 + -183 + 79).
94
Calculate (70 - 3 - 6) + 5 - (-286 + 266).
86
Calculate (-1 - 120 - (44 - 58)) + (22 - (0 - -12)).
-97
Evaluate 8 - (47 + (-48 - 30)).
39
Calculate 15 - ((-34 - (-21 + (-20 - -22))) + 42).
-12
Evaluate 1 - 0 - (374 - 176 - 78).
-119
What is the value of -2 + 7 + -3 - (-39 + (54 - 66))?
53
What is the value of 36 + (11 - -14) + 2?
63
Calculate (4 + 0 - 4) + 1 + 2 - (-671 - -624).
50
-12 + 17 + (-3 - (10 + -1)) - 26
-33
Calculate 14 + -26 + 20 - (29 + (7 - 7)).
-21
Calculate (-89 - (-66 + -15)) + 0 + -29.
-37
-18 + 41 + 3 + 59 + -80
5
Calculate (-1 - (-46 - 6)) + 0 - 19.
32
What is the value of 4 + 1 - (-21 - (-39 - 13))?
-26
What is the value of -14 + (-73 - (24 + -111) - (-55 - 1))?
56
(-25 - -5) + 4 + (48 - (49 + -10)) + 54
47
What is the value of (-4 - 12) + (204 - 339) - -29?
-122
1 + -37 - (-17 - (-19 + 12 + -1))
-27
Evaluate 142 - -2 - (-31 + 17 - -18 - (13 - 14)).
139
What is (84 - 28) + -97 - -65?
24
(-7 - 5) + 1 + 21 - (-3 + 118)
-105
(-33 - 19) + (10 + (-6 - 8) - -26)
-30
What is the value of 193 + (-241 - 9) + (34 - -2)?
-21
Evaluate (9 - 22 - (-1 + -13)) + (-14 - (28 - -12)).
-53
Evaluate -74 - -122 - (26 + 37).
-15
1 + -33 - (114 + -97 - (0 + 2))
-47
-52 + -31 + 27 + 17 + -16
-55
0 + 9 - (1202 - 1200 - (-1 - 35 - 1))
-30
What is 66 + (72 - (91 - 16))?
63
(26 - -49) + (16 + 3 - (-5 + 9 - -6))
84
Evaluate 63 + (-60 - -50) - 31.
22
What is 15 - ((-24 - -39) + -5 + 2 - 15)?
18
What is the value of -21 - (14 + 0 + -20 + -46)?
31
-35 - (-86 + 178 + -76)
-51
7 - (4 - (-7 - -6)) - (-2 + 22 + -13)
-5
Evaluate (-38 - (-21 - -4)) + -13 - (-4 + 0).
-30
What is -96 + -21 + 8 + 4 + 31?
-74
What is the value of 547 + -526 + -2 + (-2 - (-7 - -1))?
23
What is the value of -62 + -1 + -7 + (-906 - -869)?
-107
What is -34 + (58 - (-212 - -144))?
92
16 + 9 + (-16 - 3) - 33
-27
Calculate 84 + (-19 - 10) - 21.
34
What is the value of -51 + (15 - 0) + (-8 - (6 - (-23 - -29)))?
-44
Evaluate 17491 - 17518 - (13 - (0 - (0 + 2))).
-42
(-3 - -2) + 29 + 933 + -947 - 6
8
Calculate -23 + -10 + 31 + -10.
-12
What is the value of 3 + 0 + 59 - (26 + (11 - -19) + -70)?
76
Calculate 156 - 202 - (-44 + -1).
-1
Calculate 51 - 27 - (60 + -52).
16
Evaluate 6048 + -6057 + 46 + -1 + 4 + -3 + 0.
37
What is the value of -69 + (-96 - -300) + -2?
133
Evaluate 100 + -1 + (334 + -314 - ((6 - -3) + 9)).
101
What is (-2 - (4 - (-6 + 15)) - 5) + -1 + -33?
-36
What is 60 + -42 + (2 + -7 - 23) + 118?
108
What is the value of (288 - 294 - (2 - 44)) + 75?
111
Evaluate -20 - (-2 + (5 - -1) - (-4 + 8 + 10)).
-10
What is the value of (5 - 5) + 3 - (1 - -11) - 4?
-13
What is the value of -183 - (112 + -246) - -103?
54
What is (-117 - -240) + -8 + -69?
46
Calculate -40 + 57 + -40 + (6 - (92 + -6)).
-103
153 + (-115 + 207 - 135)
110
What is the value of 7 + -11 + (160 - 136) + 25?
45
27 - (-23 + 8 - -9)
33
What is the value of (5 - (7 - (-13 - -10))) + -55 - (0 - 13)?
-47
What is -2 - (89 - 86) - (108 + 3 - (-3 + 0))?
-119
(-26 - 7) + (5 - (-10 - -19))
-37
What is 1 + 5 + (16 - (15 + -29)) - 2?
34
39 + 11 - (89 + -81)
42
(-7 - (2 - (46 + -36))) + -35
-34
What is the value of 109 - (-6 + 30) - (-25 - -24)?
86
153 + (53 - (53 + 72))
81
(0 - (3 - 25) - -7) + -62 + 61
28
What is 2432 - 2446 - (-10 + 0)?
-4
8 + -10 + (-2 - -15) + 63 + -18
56
What is (-4915 - -4880) + (-3 + -14 + -1 - -1)?
-52
Evaluate (1 - 40) + (64 - 